 of 664.
2, 83
List the prime factors of 19084.
2, 13, 367
What are the prime factors of 854?
2, 7, 61
What are the prime factors of 4428?
2, 3, 41
What are the prime factors of 2015?
5, 13, 31
List the prime factors of 26506.
2, 29, 457
What are the prime factors of 1234?
2, 617
What are the prime factors of 4986?
2, 3, 277
List the prime factors of 4419.
3, 491
What are the prime factors of 410?
2, 5, 41
What are the prime factors of 109283?
103, 1061
List the prime factors of 926.
2, 463
What are the prime factors of 55351?
55351
What are the prime factors of 82648?
2, 10331
List the prime factors of 27868.
2, 6967
What are the prime factors of 353?
353
What are the prime factors of 87127?
151, 577
What are the prime factors of 274?
2, 137
What are the prime factors of 3335?
5, 23, 29
What are the prime factors of 7351?
7351
What are the prime factors of 55265?
5, 7, 1579
What are the prime factors of 125757?
3, 89, 157
List the prime factors of 937.
937
What are the prime factors of 10126?
2, 61, 83
List the prime factors of 2187.
3
List the prime factors of 7132.
2, 1783
What are the prime factors of 20874?
2, 3, 7, 71
What are the prime factors of 104214?
2, 3, 11, 1579
List the prime factors of 417.
3, 139
What are the prime factors of 618?
2, 3, 103
List the prime factors of 382.
2, 191
List the prime factors of 244.
2, 61
List the prime factors of 17771.
13, 1367
What are the prime factors of 5767?
73, 79
What are the prime factors of 7692?
2, 3, 641
List the prime factors of 6113.
6113
What are the prime factors of 982?
2, 491
List the prime factors of 1139.
17, 67
List the prime factors of 45973.
31, 1483
What are the prime factors of 2141?
2141
What are the prime factors of 22712?
2, 17, 167
List the prime factors of 5259.
3, 1753
What are the prime factors of 1222?
2, 13, 47
List the prime factors of 375.
3, 5
List the prime factors of 12950.
2, 5, 7, 37
What are the prime factors of 13102?
2, 6551
What are the prime factors of 16345?
5, 7, 467
List the prime factors of 82127.
17, 4831
List the prime factors of 1461.
3, 487
What are the prime factors of 870?
2, 3, 5, 29
List the prime factors of 109.
109
What are the prime factors of 7345?
5, 13, 113
List the prime factors of 4092.
2, 3, 11, 31
List the prime factors of 69373.
173, 401
What are the prime factors of 598?
2, 13, 23
List the prime factors of 31147.
31147
What are the prime factors of 9046?
2, 4523
List the prime factors of 31106.
2, 103, 151
What are the prime factors of 1076?
2, 269
List the prime factors of 11657.
11657
What are the prime factors of 2438?
2, 23, 53
What are the prime factors of 1454?
2, 727
What are the prime factors of 380?
2, 5, 19
What are the prime factors of 24890?
2, 5, 19, 131
What are the prime factors of 2526?
2, 3, 421
What are the prime factors of 547?
547
What are the prime factors of 34103?
67, 509
What are the prime factors of 130?
2, 5, 13
List the prime factors of 295.
5, 59
List the prime factors of 9495.
3, 5, 211
List the prime factors of 27376.
2, 29, 59
What are the prime factors of 15061?
15061
List the prime factors of 63432.
2, 3, 881
What are the prime factors of 25820?
2, 5, 1291
List the prime factors of 65610.
2, 3, 5
List the prime factors of 540.
2, 3, 5
List the prime factors of 56415.
3, 5, 3761
What are the prime factors of 2130?
2, 3, 5, 71
List the prime factors of 1555.
5, 311
What are the prime factors of 50815?
5, 10163
What are the prime factors of 2042?
2, 1021
What are the prime factors of 4079?
4079
What are the prime factors of 77445?
3, 5, 1721
List the prime factors of 2618.
2, 7, 11, 17
List the prime factors of 2174.
2, 1087
What are the prime factors of 8261?
11, 751
What are the prime factors of 29?
29
What are the prime factors of 117?
3, 13
What are the prime factors of 2577?
3, 859
What are the prime factors of 91424?
2, 2857
What are the prime factors of 6016?
2, 47
List the prime factors of 16136.
2, 2017
What are the prime factors of 151414?
2, 75707
List the prime factors of 5162.
2, 29, 89
What are the prime factors of 12012?
2, 3, 7, 11, 13
List the prime factors of 2455.
5, 491
What are the prime factors of 1492?
2, 373
List the prime factors of 18202.
2, 19, 479
List the prime factors of 385.
5, 7, 11
What are the prime factors of 901?
17, 53
What are the prime factors of 47947?
47947
What are the prime factors of 920?
2, 5, 23
What are the prime factors of 1616?
2, 101
List the prime factors of 362.
2, 181
List the prime factors of 963.
3, 107
List the prime factors of 1369.
37
What are the prime factors of 686?
2, 7
List the prime factors of 7139.
11, 59
What are the prime factors of 512?
2
What are the prime factors of 476?
2, 7, 17
What are the prime factors of 570?
2, 3, 5, 19
What are the prime factors of 2389?
2389
List the prime factors of 1707.
3, 569
List the prime factors of 28566.
2, 3, 23
What are the prime factors of 1922?
2, 31
What are the prime factors of 64854?
2, 3, 1201
What are the prime factors of 1364?
2, 11, 31
List the prime factors of 3134.
2, 1567
List the prime factors of 125075.
5, 5003
What are the prime factors of 59?
59
What are the prime factors of 102999?
3, 13, 19, 139
What are the prime factors of 1614?
2, 3, 269
What are the prime factors of 35830?
2, 5, 3583
What are the prime factors of 34149?
3, 11383
List the prime factors of 13756.
2, 19, 181
What are the prime factors of 5284?
2, 1321
List the prime factors of 294.
2, 3, 7
What are the prime factors of 288?
2, 3
What are the prime factors of 7293?
3, 11, 13, 17
What are the prime factors of 640?
2, 5
List the prime factors of 19226.
2, 9613
What are the prime factors of 1959?
3, 653
List the prime factors of 13013.
7, 11, 13
What are the prime factors of 21025?
5, 29
List the prime factors of 622.
2, 311
What are the prime factors of 71672?
2, 17, 31
What are the prime factors of 1155?
3, 5, 7, 11
What are the prime factors of 60714?
2, 3, 3373
What are the prime factors of 19588?
2, 59, 83
What are the prime factors of 46798?
2, 23399
What are the prime factors of 1089?
3, 11
What are the prime factors of 900?
2, 3, 5
List the prime factors of 3416.
2, 7, 61
What are the prime factors of 72857?
41, 1777
List the prime factors of 46330.
2, 5, 41, 113
List the prime factors of 125294.
2, 13, 61, 79
What are the prime factors of 9672?
2, 3, 13, 31
What are the prime factors of 14035?
5, 7, 401
List the prime factors of 808.
2, 101
List the prime factors of 2181.
3, 727
List the prime factors of 478.
2, 239
List the prime factors of 12794.
2, 6397
List the prime factors of 1321.
1321
List the prime factors of 1619.
1619
What are the prime factors of 11090?
2, 5, 1109
What are the prime factors of 3797?
3797
What are the prime factors of 467?
467
List the prime factors of 1333.
31, 43
What are the prime factors of 15375?
3, 5, 41
List the prime factors of 3530.
2, 5, 353
What are the prime factors of 42018?
2, 3, 47, 149
What are the prime factors of 15072?
2, 3, 157
List the prime factors of 3752.
2, 7, 67
What are the prime factors of 13379?
17, 787
What are the prime factors of 6311?
6311
What are the prime factors of 283?
283
List the prime factors of 4067.
7, 83
What are the prime factors of 44687?
44687
List the prime factors of 183.
3, 61
What are the prime factors of 2250?
2, 3, 5
What are the prime factors of 6286?
2, 7, 449
What are the prime factors of 21096?
2, 3, 293
List the prime factors of 3591.
3, 7, 19
What are the prime factors of 33347?
33347
List the prime factors of 24233.
11, 2203
What are the prime factors of 11434?
2, 5717
What are the prime factors of 727?
727
What are the prime factors of 10654?
2, 7, 761
What are the prime factors of 340?
2, 5, 17
What are the prime factors of 3611?
23, 157
What are the prime factors of 10563?
3, 7, 503
What are the prime factors of 1037?
17, 61
List the prime factors of 4577.
23, 199
List the prime factors of 11137.
7, 37, 43
List the prime factors of 50851.
211, 241
What are the prime factors of 34381?
34381
List the prime factors of 28697.
28697
What are the prime factors of 929?
929
What are the prime factors of 12741?
3, 31, 137
What are the prime factors of 4464?
2, 3, 31
List the prime factors of 5478.
2, 3, 11, 83
List the prim